.
877070
Convert 22a763 (base 16) to base 3.
11021101022220
Convert 15511500 (base 7) to base 12.
603450
What is -1685846 (base 10) in base 16?
-19b956
Convert -215104051 (base 6) to base 7.
-44663134
What is 155551 (base 9) in base 6?
2020114
Convert -18d750 (base 15) to base 16.
-12762c
Convert -4a027 (base 11) to base 6.
-1312515
What is -204650 (base 8) in base 10?
-68008
Convert 10532254 (base 6) to base 14.
85b2a
Convert -cb881 (base 16) to base 11.
-51a388
Convert c78a3 (base 14) to base 2.
1110101101001110111
101c496 (base 15) to base 9
23541376
Convert 3150552 (base 6) to base 9.
254755
Convert -a6cf1 (base 16) to base 9.
-1251215
What is -2b145 (base 13) in base 6?
-1425215
-c73c6 (base 16) to base 4
-3013033012
1033400 (base 10) to base 3
1221111120002
What is -11ca19 (base 15) in base 6?
-30140010
Convert 39d16 (base 14) to base 9.
236436
-6145715 (base 8) to base 16
-18cbcd
What is -40052331 (base 6) in base 2?
-100010011000101111111
Convert -1b9ecf (base 16) to base 11.
-1026a80
-85808 (base 14) to base 15
-658d4
Convert 31062161 (base 7) to base 3.
11220021021112
2202210333 (base 4) to base 13
1a4147
What is d238d4 (base 15) in base 10?
9985249
Convert 7bc424 (base 15) to base 14.
add31c
Convert 5314934 (base 10) to base 9.
11000642
2202211201 (base 4) to base 2
10100010100101100001
-7007959 (base 10) to base 2
-11010101110111011010111
4707426 (base 10) to base 14
8a776a
Convert 54206454 (base 7) to base 10.
4624218
What is 1105626 (base 8) in base 16?
48b96
Convert 433045444 (base 6) to base 12.
26b6884
What is 24317112 (base 9) in base 2?
101101010100100010011101
Convert 23333311012 (base 4) to base 7.
35506120
Convert 3313300301 (base 4) to base 9.
1816072
What is 3041142 (base 6) in base 4?
203200112
818076 (base 11) to base 16
140bf4
Convert -37417 (base 10) to base 16.
-9229
Convert -132033210 (base 4) to base 10.
-123876
Convert -4202100 (base 6) to base 9.
-337870
-357091 (base 11) to base 6
-20043155
Convert -c79140 (base 14) to base 7.
-111232510
Convert -1101101233 (base 4) to base 8.
-1212157
-5561331 (base 7) to base 15
-d8933
33a791 (base 14) to base 5
422221114
What is 32013646 (base 7) in base 3?
12002122222201
Convert 827be (base 16) to base 9.
1004126
Convert -23db8 (base 15) to base 6.
-2241545
-111110 (base 4) to base 10
-1364
What is 101001101100000010 (base 2) in base 4?
221230002
What is -4c9ad (base 15) in base 4?
-323313010
-21201122 (base 5) to base 15
-37c5c
Convert 34413102 (base 6) to base 7.
12001655
What is -81818 (base 13) in base 6?
-4550202
Convert d2140 (base 16) to base 11.
538545
What is -2758a (base 13) in base 8?
-217364
What is 15158 (base 12) in base 5?
1421323
What is 11341233 (base 6) in base 7?
3010122
-3230212123 (base 4) to base 5
-222002430
Convert -24120333 (base 5) to base 2.
-110110011111110010
What is 460aa (base 12) in base 15?
1ca47
136186 (base 13) to base 2
1110010110110100101
11011000010101001010010 (base 2) to base 4
123002221102
Convert -8941777 (base 10) to base 9.
-17737727
What is 33203323 (base 4) in base 5?
4014424
What is -22234141 (base 7) in base 5?
-443042101
-76746 (base 10) to base 9
-126243
-1417724 (base 12) to base 10
-4015180
What is -2086811 (base 10) in base 3?
-10221000120022
-10103330302 (base 4) to base 7
-12415210
Convert -4a682 (base 15) to base 9.
-402075
Convert 14955 (base 10) to base 11.
10266
What is -600920 (base 10) in base 11?
-380531
11100020011 (base 3) to base 12
41557
What is -401466 (base 8) in base 5?
-13210034
Convert -110711 (base 8) to base 3.
-1220012021
-100000111001100011110010 (base 2) to base 16
-8398f2
Convert 69bc57 (base 13) to base 8.
11450342
-4b70b79 (base 12) to base 2
-111000100100000110001101
What is -465735 (base 8) in base 2?
-100110101111011101
-437167 (base 8) to base 11
-a0544
3965b0 (base 13) to base 7
14526121
Convert 2320401133 (base 5) to base 7.
62412334
Convert -1322223213 (base 4) to base 3.
-221112022020
325c2 (base 16) to base 15
411b9
Convert 434119 (base 15) to base 12.
10a57b0
Convert -344201 (base 5) to base 13.
-586b
-5b027 (base 13) to base 7
-1263616
Convert 145334 (base 6) to base 5.
423140
Convert 24825c4 (base 13) to base 15.
ee9a37
31259b6 (base 12) to base 11
5253a14
What is -1a2ab (base 12) in base 14?
-10015
What is 333436 (base 13) in base 10?
1206874
-1332230033 (base 4) to base 5
-113101202
Convert 2788c1 (base 13) to base 8.
3526076
What is -29330 (base 10) in base 3?
-1111020022
What is -3189b (base 15) in base 14?
-41404
Convert 1838b0 (base 13) to base 3.
1010212211121
Convert -5102133 (base 8) to base 15.
-1b8603
Convert 2401281 (base 10) to base 5.
1103320111
What is -1412124 (base 5) in base 7?
-150443
What is 455886 (base 9) in base 16?
42bdc
What is 1bbad (base 14) in base 12?
35051
-1111101101100101 (base 2) to base 14
-1964d
491077 (base 12) to base 15
185b31
Convert 29014 (base 16) to base 7.
1266445
Convert -54921 (base 11) to base 9.
-131220
What is -708182 (base 9) in base 15?
-843a5
-21220011112100 (base 3) to base 8
-20002706
What is 14983a0 (base 13) in base 3?
110101122222222
Convert 1271778 (base 11) to base 6.
115041501
Convert 373923 (base 10) to base 12.
160483
What is -1228a24 (base 11) in base 6?
-113431245
-993 (base 14) to base 5
-30033
What is -1297ca3 (base 15) in base 13?
-2a0b469
10202110002011 (base 3) to base 14
39d99b
What is 1320b (base 13) in base 3?
1210200212
-4c69c (base 13) to base 5
-14014001
Convert -25444211 (base 6) to base 5.
-203033013
Convert 2001110220120 (base 3) to base 14.
205d44
What is 1110100010000100 (base 2) in base 14?
1799a
What is 1411242120 (base 5) in base 6?
205315522
Convert 20242130 (base 5) to base 7.
1255616
31142414 (base 5) to base 6
5253040
What is -697 (base 10) in base 3?
-221211
3532255 (base 7) to base 5
103220014
What is 12222022012 (base 3) in base 10?
117590
-1c712 (base 13) to base 6
-1111455
-5880048 (base 9) to base 10
-3182129
Convert 33d57 (base 14) to base 5.
13013410
What is -3133112200 (base 4) in base 14?
-19b584
What is 1dac4 (base 15) in base 14?
2747c
What is -22134 (base 7) in base 6?
-41430
-11001000111001011011100 (base 2) to base 12
-2255738
What is -1205242 (base 7) in base 16?
-25612
7808639 (base 10) to base 5
3444334024
Convert -100110110100101001000000 (base 2) to base 16.
-9b4a40
What is -7ef2 (base 16) in base 6?
-410242
Convert 230124 (base 7) to base 9.
62066
What is -d8abf (base 16) in base 11?
-556867
-788707 (base 12) to base 11
-10a3494
What is 417740 (base 10) in base 6?
12541552
What is 677622 (base 12) in base 3?
10002212220222
148411 (base 13) to base 10
503803
-2161565 (base 7) to base 15
-5424b
Convert -2561680 (base 10) to base 7.
-30526312
17ab3 (base 14) to base 16
e95d
Convert 27d7c (base 14) to base 2.
11000000110001010
What is 178c2 (base 14) in base 15?
128c7
-239a278 (base 11) to base 12
-1492201
100110010100000000 (base 2) to base 9
258234
10010001110010000 (base 2) to base 9
123343
243552 (base 8) to base 15
19c7d
What is 57a261 (base 12) in base 7?
14646622
Convert -70382b (base 14) to base 12.
-1320467
What is 93367 (base 11) in base 3?
20220211101
Convert -2302154 (base 6) to base 3.
-12221200121
What is -31015031 (base 7) in base 15?
-3631cb
Convert -9192483 (base 10) to base 16.
-8c4423
Convert -8803364 (base 9) to base 8.
-22017210
223261 (base 7) to base 6
503134
What is -6a3d (base 15) in base 16?
-581e
Convert -154414 (base 7) to base 2.
-111011010110111
-1062706 (base 8) to base 14
-77058
Convert -43055404 (base 6) to base 3.
-2101101120111
Convert 4b1310 (base 13) to base 5.
430131220
Convert 402c (base 16) to base 6.
204020
Convert 12441344 (base 5) to base 9.
208823
What is 1696b9 (base 14) in base 4?
3001323303
Convert -14233611 (base 7) to base 15.
-1b5e0c
1001010010101100001 (base 2) to base 5
34220411
What is -db59e (base 16) in base 12?
-373b3a
What is 1226b (base 14) in base 2?
1010110101100111
17979 (base 12) to base 9
51843
-6044235 (base 8) to base 11
-997756
What is 12012211221022 (base 3) in base 13?
760b50
13326122 (base 8) to base 13
80a55a
What is 512645 (base 14) in base 15?
390241
What is 372101 (base 11) in base 8?
2175210
Convert -620b8c (base 14) to base 7.
-40046435
-1123100140 (base 6) to base 16
-be335c
10170551 (base 8) to base 9
